 Let v(w) = 2*w**2 + w - 1. Let z(i) = t(i) - 4*v(i). What is the hundreds digit of z(5)?
7
Let u = -41 - -44. Let a(n) = 20*n**2 + 3*n + 1. Let m be a(u). Suppose 0 = -3*b - b + 5*k + 350, -2*b + m = 5*k. What is the units digit of b?
0
Let o(g) = -g**3 - 18*g**2 + 15*g + 25. Let u = 38 - 35. Suppose 7*j + 76 = u*j. What is the tens digit of o(j)?
0
Let z be 2/(-12) + (627/18)/11. Suppose -z*b - 4*j = -8, b - 2*j + j = -9. What is the tens digit of (-4 - 0) + b + 80?
7
Let y(i) = -5*i**2 - 9*i - 17. Let z be y(4). Let w = -23 - z. What is the tens digit of w?
1
Let k(r) = -3*r - 2. Let v be k(-3). Suppose 4*m = -q - 1, -m = -2*m + 2*q - v. What is the units digit of m - 0 - ((0 - -2) + -13)?
0
Suppose -10*p = 3*p - 1313. Suppose 0 = -3*o - 4*q + 303, 0*o + 3*q - p = -o. What is the units digit of o?
1
Let c(q) = -5*q - 47. Let n be c(7). Let f = n + 95. What is the tens digit of f?
1
Let l = 11193 - 7733. What is the hundreds digit of l?
4
Suppose g = -w + 11, -81*g + 53 = 5*w - 77*g. Let s(x) = 14*x**2 + 3*x + 3. Let y be s(3). What is the units digit of (w + -10)/((-2)/y)?
9
Suppose -11200 = -3*y + 76*c - 71*c, -5*c + 41090 = 11*y. What is the thousands digit of y?
3
Suppose -2*j = 4*g - 13966, -8*j + 4*g = -13*j + 34915. What is the units digit of j?
3
Suppose 10*l = 5*l - 2*z + 25, 2*z = 2*l - 24. Suppose 0*i - 434 = -l*i. What is the units digit of i?
2
Let l = -2081 - -2963. Let p = l + -504. What is the hundreds digit of p?
3
Suppose 4*n + 3*m - 70 = 0, -3*n - 52 = -6*n - 2*m. Let c(k) = k**3 - 16*k**2 + 22. Let a be c(n). Let x = a - -64. What is the units digit of x?
6
Let l be -38*(-128)/(-2) + -4. Let g be l/(-27) + 2/(-9). Suppose -2*r + g = -4*k - 0*k, 2*r - 120 = -2*k. What is the units digit of r?
5
Let v = -3378 + 5704. What is the units digit of v?
6
What is the units digit of (16404/20)/(9 + (-11)/(2475/2020))?
9
Suppose -82*m - 58377 = -5*q - 86*m, 4*q + 5*m - 46698 = 0. What is the tens digit of q?
7
Let t be (5/(-5))/(13/(-117)). What is the hundreds digit of 1462 - (t/4)/(27/(-72))?
4
Let z(l) = l + 27. Let n be z(-16). Suppose 190 = 12*d - n*d. Suppose -4*g + d = q - 1, 4*g - 3*q - 211 = 0. What is the tens digit of g?
4
Let f = -28050 + 73532. What is the hundreds digit of f?
4
Let p = -92 - -94. Let q(u) = 87*u**2 + 7*u - 13. What is the units digit of q(p)?
9
Suppose 35*h - 31*h = 424. Suppose l - 240 = 6*l. Let x = l + h. What is the units digit of x?
8
Let t = 76217 - 48046. What is the hundreds digit of t?
1
Let d = 161 - 154. Suppose -d*m + 1574 + 1639 = 0. What is the units digit of m?
9
Let v be (0 - 2)/(98/21 + -4). Let x(s) = -110*s - 15. What is the units digit of x(v)?
5
Let v = 15730 + -2968. What is the units digit of v?
2
Let w(h) = 6*h - 64. Let y be w(12). Suppose 5121 = 3*b + 2*g, 4*g - y = 4. What is the tens digit of b?
0
What is the units digit of (95808/(-56))/(3*(-8)/168)?
6
Suppose 77*t - 642013 + 110944 = 0. What is the tens digit of t?
9
What is the thousands digit of 31/(-279) + 2904889/117?
4
Let n(p) = -69*p + 7. Let a be n(-13). Suppose -2*w + a = -k, w - 3*k = -0*k + 462. What is the units digit of w?
0
Let o(a) be the second derivative of 221*a**3/3 + 31*a**2/2 - a - 7. What is the tens digit of o(2)?
1
Let w = 24 - 19. Suppose -u - 2*u - m = -20, w*m + 5 = 0. Suppose 5*y - u*y + 122 = 0. What is the tens digit of y?
6
Let d(f) = f**2 - 3684. Let o be d(0). What is the hundreds digit of -2 + o/(8/(-2))?
9
Let i = -2 + 97. Suppose -k - 72 = i. Let z = 37 - k. What is the tens digit of z?
0
Let w = 111037 + -63728. What is the ten thousands digit of w?
4
Suppose 143*y - 3870 = 139*y - 2*q, 0 = 2*y + 4*q - 1950. What is the units digit of y?
5
Let i(h) = h**3 + 18*h**2 + 2*h - 2. Let u be i(-18). Let j = 42 + u. Suppose 2*s + j*d = 48, 0*d = s + d - 29. What is the units digit of s?
4
Let b(p) = 199*p**2 - 18*p + 172. What is the hundreds digit of b(6)?
2
What is the ten thousands digit of ((-14656)/(-10))/(472/(-80) - -6)?
1
Let b = 8 - 6. Suppose -3*p + 2 = x, -5 = -4*p - b*x - 3. Let z = p + 42. What is the tens digit of z?
4
Let b be ((-40)/(-8) + 26)/(2/86). What is the hundreds digit of 14/(-42) + b/3?
4
Let j(r) = -24*r - 69. Let d be j(-2). Let p(s) = -41*s - 46. What is the hundreds digit of p(d)?
8
Suppose 0 = 3*k + 690*s - 688*s - 54782, 2*k - 36519 = s. What is the units digit of k?
0
Let v = -442 - -681. Let b = -182 + v. What is the units digit of b?
7
Suppose -13*m - 873 + 6024 = -306433. What is the thousands digit of m?
3
Let i = -6905 + 17039. Suppose 3*u - i = -6*u. What is the hundreds digit of u?
1
Let p(f) = -8 + 28*f - 11*f + 581*f**3 + 9*f**2 - 582*f**3 - 4*f**2. What is the tens digit of p(-10)?
2
Suppose g + 11 + 105 = -f, -2*g - 260 = -5*f. What is the tens digit of 1/(18/g)*-21?
4
Let x(l) = l**2 - 14*l + 18. Let t be x(16). Let a = -45 + t. Suppose 148 = a*y - 212. What is the tens digit of y?
7
Let s(j) = 12*j**2 - 4*j - 53. Let r be s(-17). Suppose 43*y = 34*y + r. What is the hundreds digit of y?
3
Let r(v) = v**3 + v**2 - v + 2. Let z be r(-2). Suppose 2*h + 3*n + 30 = 0, 5*h - 3*n = n - 52. What is the units digit of (-2 - 1206/h)*(2 - z)?
7
Let s = 6 - 3. Let y be 3 + 32/s*3. What is the units digit of 2/14 + 0 - (-3635)/y?
4
What is the hundreds digit of (18 + (8 - (11 - 8)))*7?
1
Let q be (-2)/30 - 354/90. Let d = 723 - q. What is the tens digit of d?
2
Let j(s) = 18*s + 165. Suppose 92*y - 44 = 88*y. What is the hundreds digit of j(y)?
3
Let y be 80/2 + (6 - 11). Suppose 0 = y*p - 12603 - 2132. What is the tens digit of p?
2
Suppose t + 0*t + 21 = 91. What is the tens digit of t?
7
Let x(p) = 773*p**3 - 8*p**2 + 7*p + 19. What is the units digit of x(2)?
5
Let a(f) = -2*f**2 - 20*f. Suppose p + 3*g - 5 = -23, 0 = 3*p - 2*g + 10. Let r be a(p). Suppose d = r + 24. What is the tens digit of d?
7
Let m be (2/5)/((-61)/(-10) - 6). What is the tens digit of (m/(-6))/((-15)/31635)?
0
Let r(l) = 5*l**2 - 2*l + 9. Let a(m) = 4*m + 31. Let b be a(-9). Let d be r(b). Suppose -w - d = -6*w + 2*j, -5*j + 165 = 5*w. What is the units digit of w?
0
Suppose -m - 7 = 2*i + 5, 25 = -3*i - 5*m. Let g(c) = 10*c + 57. What is the units digit of g(i)?
7
Let x(i) = -15*i**3 - 50*i - 354. What is the ten thousands digit of x(-12)?
2
Let l = -9 - 39. Let t be (3 + 5/((-20)/l))*-1. What is the tens digit of (-8)/((-40)/t)*17*-1?
5
Let r(i) = i**2 - 7*i - 372. What is the thousands digit of r(61)?
2
What is the hundreds digit of (-890)/(-130) - 7 - ((-1129084)/52 - 4)?
7
Suppose -5*z + h = -4466, 5*z - 5*h = 8*z - 2646. What is the tens digit of z?
9
Suppose 0 = -47*t + 14*t + 11*t + 386386. What is the hundreds digit of t?
5
Suppose 32*r = 90 - 26. Let o be (-5)/((-2)/10 + 0). Suppose o + 35 = r*b. What is the tens digit of b?
3
Let j be -4*(((-180)/8)/5 - -4). Suppose -j*n + 982 = 2*y, 4*n - 3098 = 3*y - 1113. What is the hundreds digit of n?
4
What is the tens digit of 140193*(-6)/(-20) - (-4)/40?
5
Suppose 15150*g + 166753 = 15167*g. What is the hundreds digit of g?
8
Suppose -4*j = 2*p - 16, -10*p + 22 = -5*p + 4*j. Suppose -w + n + 369 = 0, w - 207 = p*n + 162. What is the tens digit of w?
6
Let q be (-14615)/(-45) - 0 - (-8)/36. Suppose -694 = -2*v + 2*r - 3*r, -5*r = -v + q. What is the tens digit of v?
4
Let s(n) = -10*n**2 - 38*n + 8. Let i be s(9). Let k = i + 1634. What is the tens digit of k?
9
Let r(g) = 44*g**3 + g**2 - 7*g + 83. What is the hundreds digit of r(6)?
5
Let s(g) = 6*g**3 + g**2 - 2. Let w be s(1). Suppose 5*v + 1080 = 5*q, 0*v - w*v = -4*q + 860. What is the units digit of q?
0
Let g be (8/(-10))/((-10)/375). Suppose 3547 = 12*l + 595. Suppose l - g = 4*h. What is the units digit of h?
4
Let j(h) = h**3 - 14*h**2 + 7*h - 1. Let g be j(7). Suppose -5*x - 285 = 4*a + 284, 4*x = -a - 156. Let n = a - g. What is the tens digit of n?
5
Suppose -5*z + 4*z + 2*q = 2, z = 3*q - 4. Suppose z*f - 20 = -2*f. Suppose -6*d - f*d = -902. What is the units digit of d?
2
Suppose 2*j = -3*j - 4*n + 714, -n + 434 = 3*j. Let v = j - 129. What is the units digit of v?
7
What is the hundreds digit of (-100 - -95) + 4233*1?
2
Let z(o) = -o**2 + 12*o + 5. Suppose c + 14 = 4*v + 3, -v - 13 = -2*c. Suppose -4*b - x + 21 = -c, 4*x = -8. What is the tens digit of z(b)?
3
